
What are the prime factors of 666274173?
3, 222091391
List the prime factors of 117783336.
2, 3, 11, 40559
List the prime factors of 209143812.
2, 3, 3833, 4547
List the prime factors of 47507940.
2, 3, 5, 263933
List the prime factors of 2030350668.
2, 3, 23, 29, 41, 269
List the prime factors of 85508690.
2, 5, 8550869
List the prime factors of 107961962.
2, 53980981
What are the prime factors of 365414087?
23, 743, 21383
List the prime factors of 4024353024.
2, 3, 582227
List the prime factors of 1499667435.
3, 5, 7, 19, 127, 1973
List the prime factors of 2229801094.
2, 30431, 36637
What are the prime factors of 1186457678?
2, 7, 12106711
List the prime factors of 432953039.
9733, 44483
What are the prime factors of 327792416?
2, 7, 1463359
What are the prime factors of 476350788?
2, 3, 39695899
What are the prime factors of 59017705?
5, 19, 621239
List the prime factors of 60008747.
60008747
What are the prime factors of 124331734?
2, 2251, 27617
What are the prime factors of 84039246?
2, 3, 59, 79133
What are the prime factors of 386342052?
2, 3, 2713, 11867
List the prime factors of 3460399823.
5623, 615401
List the prime factors of 219047574.
2, 3, 36507929
What are the prime factors of 183836849?
7, 73, 229, 1571
What are the prime factors of 130062750?
2, 3, 5, 17, 101
What are the prime factors of 52192082?
2, 26096041
What are the prime factors of 224640550?
2, 5, 17, 264283
What are the prime factors of 1401694088?
2, 37, 4735453
List the prime factors of 6737071126.
2, 617, 5459539
What are the prime factors of 644479976?
2, 7, 157, 73303
What are the prime factors of 47251087?
13, 3634699
What are the prime factors of 1068885239?
31, 509, 67741
List the prime factors of 146540505.
3, 5, 2719, 3593
List the prime factors of 251975384.
2, 61, 83, 6221
What are the prime factors of 1411660922?
2, 7, 67, 1504969
What are the prime factors of 790196202?
2, 3, 14633263
List the prime factors of 82065686.
2, 97, 423019
What are the prime factors of 299806250?
2, 5, 47969
List the prime factors of 122393470.
2, 5, 12239347
What are the prime factors of 27543804?
2, 3, 179, 12823
What are the prime factors of 180065004?
2, 3, 7, 373, 821
List the prime factors of 778179111.
3, 103, 2518379
What are the prime factors of 181569095?
5, 17, 2136107
List the prime factors of 14160276.
2, 3, 13, 79, 383
What are the prime factors of 292660603?
292660603
List the prime factors of 685050408.
2, 3, 7, 293, 4639
What are the prime factors of 127060842?
2, 3, 21176807
What are the prime factors of 41864209?
23, 193, 9431
List the prime factors of 1540086623.
421, 463, 7901
List the prime factors of 399253512.
2, 3, 7, 157, 15137
What are the prime factors of 33748597?
223, 151339
List the prime factors of 1017153052.
2, 254288263
What are the prime factors of 493122400?
2, 5, 17, 101, 359
What are the prime factors of 240974096?
2, 11, 179, 7649
List the prime factors of 303798480.
2, 3, 5, 1265827
List the prime factors of 959083990.
2, 5, 821, 116819
List the prime factors of 205115337.
3, 7, 149, 21851
List the prime factors of 773691891.
3, 7, 3659, 10069
List the prime factors of 334600430.
2, 5, 33460043
List the prime factors of 113576103.
3, 577, 21871
List the prime factors of 7662567.
3, 11, 19, 101
What are the prime factors of 716949207?
3, 13, 101, 359
What are the prime factors of 297851413?
297851413
What are the prime factors of 98660870?
2, 5, 7, 11, 37, 3463
List the prime factors of 389249720.
2, 5, 9731243
List the prime factors of 1821766857.
3, 4729, 128411
List the prime factors of 23309.
11, 13, 163
List the prime factors of 111376358.
2, 55688179
List the prime factors of 48257567.
43, 1122269
List the prime factors of 497848647.
3, 165949549
List the prime factors of 146059004.
2, 7, 13, 19, 431
What are the prime factors of 1779829395?
3, 5, 118655293
List the prime factors of 834412696.
2, 13, 967, 8297
What are the prime factors of 297866615?
5, 6553, 9091
List the prime factors of 3367388490.
2, 3, 5, 61, 127, 14489
What are the prime factors of 132629175?
3, 5, 7, 107, 787
What are the prime factors of 34988297?
29, 349, 3457
List the prime factors of 206901448.
2, 13, 257, 7741
List the prime factors of 34271669.
34271669
List the prime factors of 25021219.
25021219
List the prime factors of 3447510668.
2, 7, 37, 3327713
List the prime factors of 4274588.
2, 73, 14639
List the prime factors of 19001244.
2, 3, 919, 1723
List the prime factors of 3492375122.
2, 31, 71, 311, 2551
List the prime factors of 128024805.
3, 5, 1847, 4621
List the prime factors of 3485023623.
3, 43, 59, 5653
What are the prime factors of 62697645?
3, 5, 103, 167
What are the prime factors of 645893754?
2, 3, 11, 9786269
What are the prime factors of 101887221?
3, 33962407
What are the prime factors of 542303206?
2, 19, 14271137
What are the prime factors of 54189593?
54189593
List the prime factors of 3727963615.
5, 257, 563, 5153
List the prime factors of 243070736.
2, 15191921
List the prime factors of 689691955.
5, 17, 41, 73, 2711
What are the prime factors of 2584058650?
2, 5, 17, 139, 21871
What are the prime factors of 103132303?
103132303
List the prime factors of 217767948.
2, 3, 18147329
What are the prime factors of 2792264427?
3, 103417201
What are the prime factors of 5254041347?
5254041347
List the prime factors of 1551547497.
3, 227, 739, 3083
What are the prime factors of 120667508?
2, 13, 37, 59, 1063
What are the prime factors of 2874227964?
2, 3, 19, 71, 177553
List the prime factors of 1016002274.
2, 7, 72571591
List the prime factors of 105102898.
2, 211, 249059
What are the prime factors of 25855196?
2, 173, 37363
List the prime factors of 329260513.
1291, 255043
List the prime factors of 486420598.
2, 1667, 145897
List the prime factors of 903311876.
2, 10007, 22567
List the prime factors of 49025547.
3, 43, 42227
What are the prime factors of 1486359550?
2, 5, 13, 19, 61, 1973
List the prime factors of 116628619.
17, 163, 42089
What are the prime factors of 166137570?
2, 3, 5, 431, 4283
What are the prime factors of 285509889?
3, 7, 4531903
List the prime factors of 4868328714.
2, 3, 47, 59, 227, 1289
List the prime factors of 48850995.
3, 5, 19, 181, 947
List the prime factors of 130486835.
5, 2459, 10613
List the prime factors of 161694920.
2, 5, 1019, 3967
What are the prime factors of 26953461?
3, 2994829
List the prime factors of 120964247.
79, 557, 2749
What are the prime factors of 3543328591?
11, 8377, 38453
What are the prime factors of 2003096853?
3, 222566317
What are the prime factors of 1473967312?
2, 53, 1738169
List the prime factors of 1954565929.
19, 102871891
List the prime factors of 566100223.
13, 43546171
List the prime factors of 210227611.
11, 79, 241919
List the prime factors of 464597106.
2, 3, 61, 1269391
What are the prime factors of 12134678?
2, 1109, 5471
List the prime factors of 83545920.
2, 3, 5, 29009
List the prime factors of 563449931.
11, 547, 8513
What are the prime factors of 806098189?
13, 307, 201979
List the prime factors of 127573793.
127573793
List the prime factors of 453545701.
7, 64792243
What are the prime factors of 55568307?
3, 89, 208121
What are the prime factors of 29894490?
2, 3, 5, 332161
What are the prime factors of 76866921?
3, 79, 36037
What are the prime factors of 1115397729?
3, 41311027
What are the prime factors of 4461563448?
2, 3, 61966159
What are the prime factors of 1181996877?
3, 29, 3517, 3863
List the prime factors of 6516435053.
17, 29, 13217921
List the prime factors of 60605837.
31, 1955027
What are the prime factors of 41233550?
2, 5, 824671
What are the prime factors of 1413607783?
7, 17, 11879057
List the prime factors of 8843487031.
37, 239013163
List the prime factors of 50799768.
2, 3, 19, 101, 1103
List the prime factors of 55047722.
2, 27523861
What are the prime factors of 194220090?
2, 3, 5, 19, 53, 2143
What are the prime factors of 44708897?
44708897
List the prime factors of 1854461.
7, 43, 61, 101
What are the prime factors of 148267515?
3, 5, 11, 61, 14731
List the prime factors of 449127324.
2, 3, 79, 1999
What are the prime factors of 261692446?
2, 130846223
What are the prime factors of 2498093509?
17, 9749, 15073
List the 